{"id":2042,"date":"2024-10-18T18:41:18","date_gmt":"2024-10-18T18:41:18","guid":{"rendered":"https:\/\/torrebosquecapital.com\/?page_id=2042"},"modified":"2024-10-18T18:41:18","modified_gmt":"2024-10-18T18:41:18","slug":"terminos-y-condiciones","status":"publish","type":"page","link":"https:\/\/torrebosquecapital.com\/index.php\/terminos-y-condiciones\/","title":{"rendered":"T\u00e9rminos y Condiciones"},"content":{"rendered":"<div class=\"fusion-fullwidth fullwidth-box fusion-builder-row-1 fusion-flex-container nonhundred-percent-fullwidth non-hundred-percent-height-scrolling\" style=\"background-color: var(--awb-color1);background-position: center center;background-repeat: no-repeat;border-width: 0px 0px 0px 0px;border-color:var(--awb-color3);border-style:solid;\" ><div class=\"fusion-builder-row fusion-row fusion-flex-align-items-flex-start fusion-flex-justify-content-center\" style=\"max-width:1996.8;margin-left: calc(-4% \/ 2 );margin-right: calc(-4% \/ 2 );\"><div class=\"fusion-layout-column fusion_builder_column fusion-builder-column-0 fusion_builder_column_4_5 4_5 fusion-flex-column\"><div class=\"fusion-column-wrapper fusion-flex-justify-content-flex-start fusion-content-layout-column\" style=\"background-position:left top;background-repeat:no-repeat;-webkit-background-size:cover;-moz-background-size:cover;-o-background-size:cover;background-size:cover;padding: 0px 0px 0px 0px;\"><style type=\"text\/css\">@media only screen and (max-width:1024px) {.fusion-title.fusion-title-1{margin-top:10px!important; margin-right:0px!important;margin-bottom:15px!important;margin-left:0px!important;}}@media only screen and (max-width:640px) {.fusion-title.fusion-title-1{margin-top:10px!important; margin-right:0px!important;margin-bottom:10px!important; margin-left:0px!important;}}<\/style><div class=\"fusion-title title fusion-title-1 fusion-sep-none fusion-title-center fusion-title-text fusion-title-size-one\" style=\"font-size:81px;margin-top:10px;margin-right:0px;margin-bottom:15px;margin-left:0px;\"><h1 class=\"title-heading-center fusion-responsive-typography-calculated\" style=\"font-family:&quot;author bold&quot;;font-weight:400;margin:0;font-size:1em;color:var(--awb-color5);--fontSize:81;line-height:var(--awb-typography1-line-height);\">T\u00e9rminos y Condiciones<\/h1><\/div><div class=\"fusion-separator fusion-full-width-sep\" style=\"align-self: center;margin-left: auto;margin-right: auto;margin-bottom:40px;width:100%;\"><\/div><div class=\"fusion-text fusion-text-1\"><p>La informaci\u00f3n que contiene este sitio web tiene como objetivo principal proporcionar a los visitantes interesados informaci\u00f3n general sobre los productos y servicios de Idex Inmobiliaria.<\/p>\n<p>Por lo tanto, esta informaci\u00f3n no implica ni garantiza que los productos o servicios publicado en este sitio web deber\u00e1n o podr\u00e1n satisfacer los requisitos de precisi\u00f3n, detalle o exactitud requeridos por los visitantes del sitio, puesto que no constituyen una oferta por parte de Idex Inmobiliaria.<\/p>\n<p>Cualquier propuesta, oferta, sugerencia o en general cualquier tipo de informaci\u00f3n que Idex Inmobiliaria reciba por medio de correo electr\u00f3nico, tel\u00e9fonos, y\/o cualquier otro medio de comunicaci\u00f3n indicado en este sitio web, no implicar\u00e1 la aceptaci\u00f3n, compromiso u obligaci\u00f3n hacia el remitente. Dichos medios de comunicaci\u00f3n no ser\u00e1n medios aceptados por Idex Inmobiliarias para la recepci\u00f3n de notificaciones judiciales o extrajudiciales, demandas, emplazamientos o cualquier otro tipo de requerimientos de autoridad.<\/p>\n<p>Los prototipos, mensualidades y precios que se muestran en el \u201ccotizador\u201d del sitio web pueden diferir de los prototipos, mensualidades y precios ofrecidos por la red de distribuidores autorizados de Idex Inmobiliaria, por lo que ni Idex Inmobiliaria, ni Bosque Capital Living, no se responsabilizan por la disponibilidad del prototipo seleccionado. De igual modo, las promociones de financiamiento podr\u00e1n variar seg\u00fan los prototipos, mensualidades y precios para mayor informaci\u00f3n consulta directamente a un asesor inmobiliario de Idex Inmobiliaria.<\/p>\n<\/div><\/div><style type=\"text\/css\">.fusion-body .fusion-builder-column-0{width:80% !important;margin-top : 0px;margin-bottom : 20px;}.fusion-builder-column-0 > .fusion-column-wrapper {padding-top : 0px !important;padding-right : 0px !important;margin-right : 2.4%;padding-bottom : 0px !important;padding-left : 0px !important;margin-left : 2.4%;}@media only screen and (max-width:1024px) {.fusion-body .fusion-builder-column-0{width:80% !important;order : 0;}.fusion-builder-column-0 > .fusion-column-wrapper {margin-right : 2.4%;margin-left : 2.4%;}}@media only screen and (max-width:640px) {.fusion-body .fusion-builder-column-0{width:100% !important;order : 0;}.fusion-builder-column-0 > .fusion-column-wrapper {margin-right : 1.92%;margin-left : 1.92%;}}<\/style><\/div><\/div><style type=\"text\/css\">.fusion-body .fusion-flex-container.fusion-builder-row-1{ padding-top : 0px;margin-top : 0px;padding-right : 0px;padding-bottom : 0px;margin-bottom : 0px;padding-left : 0px;}<\/style><\/div>\n","protected":false},"excerpt":{"rendered":"","protected":false},"author":2,"featured_media":0,"parent":0,"menu_order":0,"comment_status":"closed","ping_status":"closed","template":"100-width.php","meta":{"footnotes":""},"class_list":["post-2042","page","type-page","status-publish","hentry"],"acf":[],"yoast_head":"<!-- This site is optimized with the Yoast SEO plugin v27.3 - https:\/\/yoast.com\/product\/yoast-seo-wordpress\/ -->\n<title>Bosque Capital - T\u00e9rminos y Condiciones<\/title>\n<meta name=\"robots\" content=\"index, follow, max-snippet:-1, max-image-preview:large, max-video-preview:-1\" \/>\n<link rel=\"canonical\" href=\"https:\/\/torrebosquecapital.com\/index.php\/terminos-y-condiciones\/\" \/>\n<meta property=\"og:locale\" content=\"es_ES\" \/>\n<meta property=\"og:type\" content=\"article\" \/>\n<meta property=\"og:title\" content=\"Bosque Capital - T\u00e9rminos y Condiciones\" \/>\n<meta property=\"og:url\" content=\"https:\/\/torrebosquecapital.com\/index.php\/terminos-y-condiciones\/\" \/>\n<meta property=\"og:site_name\" content=\"Bosque Capital\" \/>\n<meta name=\"twitter:card\" content=\"summary_large_image\" \/>\n<meta name=\"twitter:label1\" content=\"Tiempo de lectura\" \/>\n\t<meta name=\"twitter:data1\" content=\"3 minutos\" \/>\n<script type=\"application\/ld+json\" class=\"yoast-schema-graph\">{\"@context\":\"https:\\\/\\\/schema.org\",\"@graph\":[{\"@type\":\"WebPage\",\"@id\":\"https:\\\/\\\/torrebosquecapital.com\\\/index.php\\\/terminos-y-condiciones\\\/\",\"url\":\"https:\\\/\\\/torrebosquecapital.com\\\/index.php\\\/terminos-y-condiciones\\\/\",\"name\":\"Bosque Capital - T\u00e9rminos y Condiciones\",\"isPartOf\":{\"@id\":\"https:\\\/\\\/torrebosquecapital.com\\\/#website\"},\"datePublished\":\"2024-10-18T18:41:18+00:00\",\"breadcrumb\":{\"@id\":\"https:\\\/\\\/torrebosquecapital.com\\\/index.php\\\/terminos-y-condiciones\\\/#breadcrumb\"},\"inLanguage\":\"es\",\"potentialAction\":[{\"@type\":\"ReadAction\",\"target\":[\"https:\\\/\\\/torrebosquecapital.com\\\/index.php\\\/terminos-y-condiciones\\\/\"]}]},{\"@type\":\"BreadcrumbList\",\"@id\":\"https:\\\/\\\/torrebosquecapital.com\\\/index.php\\\/terminos-y-condiciones\\\/#breadcrumb\",\"itemListElement\":[{\"@type\":\"ListItem\",\"position\":1,\"name\":\"Portada\",\"item\":\"https:\\\/\\\/torrebosquecapital.com\\\/\"},{\"@type\":\"ListItem\",\"position\":2,\"name\":\"T\u00e9rminos y Condiciones\"}]},{\"@type\":\"WebSite\",\"@id\":\"https:\\\/\\\/torrebosquecapital.com\\\/#website\",\"url\":\"https:\\\/\\\/torrebosquecapital.com\\\/\",\"name\":\"Bosque Capital\",\"description\":\"Living\",\"potentialAction\":[{\"@type\":\"SearchAction\",\"target\":{\"@type\":\"EntryPoint\",\"urlTemplate\":\"https:\\\/\\\/torrebosquecapital.com\\\/?s={search_term_string}\"},\"query-input\":{\"@type\":\"PropertyValueSpecification\",\"valueRequired\":true,\"valueName\":\"search_term_string\"}}],\"inLanguage\":\"es\"}]}<\/script>\n<!-- \/ Yoast SEO plugin. -->","yoast_head_json":{"title":"Bosque Capital - T\u00e9rminos y Condiciones","robots":{"index":"index","follow":"follow","max-snippet":"max-snippet:-1","max-image-preview":"max-image-preview:large","max-video-preview":"max-video-preview:-1"},"canonical":"https:\/\/torrebosquecapital.com\/index.php\/terminos-y-condiciones\/","og_locale":"es_ES","og_type":"article","og_title":"Bosque Capital - T\u00e9rminos y Condiciones","og_url":"https:\/\/torrebosquecapital.com\/index.php\/terminos-y-condiciones\/","og_site_name":"Bosque Capital","twitter_card":"summary_large_image","twitter_misc":{"Tiempo de lectura":"3 minutos"},"schema":{"@context":"https:\/\/schema.org","@graph":[{"@type":"WebPage","@id":"https:\/\/torrebosquecapital.com\/index.php\/terminos-y-condiciones\/","url":"https:\/\/torrebosquecapital.com\/index.php\/terminos-y-condiciones\/","name":"Bosque Capital - T\u00e9rminos y Condiciones","isPartOf":{"@id":"https:\/\/torrebosquecapital.com\/#website"},"datePublished":"2024-10-18T18:41:18+00:00","breadcrumb":{"@id":"https:\/\/torrebosquecapital.com\/index.php\/terminos-y-condiciones\/#breadcrumb"},"inLanguage":"es","potentialAction":[{"@type":"ReadAction","target":["https:\/\/torrebosquecapital.com\/index.php\/terminos-y-condiciones\/"]}]},{"@type":"BreadcrumbList","@id":"https:\/\/torrebosquecapital.com\/index.php\/terminos-y-condiciones\/#breadcrumb","itemListElement":[{"@type":"ListItem","position":1,"name":"Portada","item":"https:\/\/torrebosquecapital.com\/"},{"@type":"ListItem","position":2,"name":"T\u00e9rminos y Condiciones"}]},{"@type":"WebSite","@id":"https:\/\/torrebosquecapital.com\/#website","url":"https:\/\/torrebosquecapital.com\/","name":"Bosque Capital","description":"Living","potentialAction":[{"@type":"SearchAction","target":{"@type":"EntryPoint","urlTemplate":"https:\/\/torrebosquecapital.com\/?s={search_term_string}"},"query-input":{"@type":"PropertyValueSpecification","valueRequired":true,"valueName":"search_term_string"}}],"inLanguage":"es"}]}},"_links":{"self":[{"href":"https:\/\/torrebosquecapital.com\/index.php\/wp-json\/wp\/v2\/pages\/2042","targetHints":{"allow":["GET"]}}],"collection":[{"href":"https:\/\/torrebosquecapital.com\/index.php\/wp-json\/wp\/v2\/pages"}],"about":[{"href":"https:\/\/torrebosquecapital.com\/index.php\/wp-json\/wp\/v2\/types\/page"}],"author":[{"embeddable":true,"href":"https:\/\/torrebosquecapital.com\/index.php\/wp-json\/wp\/v2\/users\/2"}],"replies":[{"embeddable":true,"href":"https:\/\/torrebosquecapital.com\/index.php\/wp-json\/wp\/v2\/comments?post=2042"}],"version-history":[{"count":4,"href":"https:\/\/torrebosquecapital.com\/index.php\/wp-json\/wp\/v2\/pages\/2042\/revisions"}],"predecessor-version":[{"id":2126,"href":"https:\/\/torrebosquecapital.com\/index.php\/wp-json\/wp\/v2\/pages\/2042\/revisions\/2126"}],"wp:attachment":[{"href":"https:\/\/torrebosquecapital.com\/index.php\/wp-json\/wp\/v2\/media?parent=2042"}],"curies":[{"name":"wp","href":"https:\/\/api.w.org\/{rel}","templated":true}]}}